Calculate the greatest common divisor of 5 and b.
5
Let z be ((-3)/(-2))/3*-2. Let r be 2 - (z + 0) - 0. Suppose -27 = -4*k + r*f, 2*f + 33 = 3*k + 4*f. Calculate the highest common divisor of k and 45.
9
Let p = 40 - 24. Suppose -4*g + 0*g + 20 = 0. Let r(y) = y - 3. Let b be r(g). What is the greatest common divisor of b and p?
2
Suppose p + 0*s + 2*s = -2, 0 = 2*p - 4*s - 12. Suppose p*g = -3*g + 10. Suppose y - 2 - 1 = 0. What is the greatest common divisor of g and y?
1
Suppose 0 = -9*q + 835 + 3863. What is the greatest common divisor of q and 58?
58
Let t = 15 - 43. Let g be (-2)/(-6) - t/(-12). Let p be g/(-7) - 38/(-14). What is the greatest common factor of 24 and p?
3
Let k(q) = q**2 - 11*q - 35. Let r be k(16). What is the highest common factor of 60 and r?
15
Let n(l) = -l**2 + 5*l + 3. Let c be n(6). Let s be (-1)/(2*c/594). Calculate the greatest common divisor of 9 and s.
9
Suppose -14*h + 110 = -12*h. What is the greatest common factor of h and 22?
11
Suppose -3*g + 159 = -3*x, -144 = -4*g + g - 2*x. Let n = 7 + -4. Suppose n = 4*r - 17. What is the highest common factor of r and g?
5
Let i be (24/9)/((-2)/6). Let b(w) = w**3 + 9*w**2 - 10*w - 9. Let t be b(i). Calculate the greatest common divisor of 15 and t.
15
Let b(h) = h - 17. Let n be b(7). Let l = n - -40. What is the greatest common divisor of l and 75?
15
Let r = -36 + 49. What is the greatest common factor of 26 and r?
13
Let h(z) = 12*z**2 + z + 3. Let q be h(-4). Suppose 4*s + q = 735. Calculate the greatest common divisor of s and 17.
17
Let d(z) = -z**2 + 6*z + 4. Let r be d(6). Let t = 6 - r. Calculate the greatest common divisor of t and 16.
2
Let a be 13/(-13) - (1 + -4). Let c be (2/2)/((-1)/(-18)). Calculate the highest common divisor of c and a.
2
Let a = -43 - -60. Let f = -5 + a. What is the highest common divisor of f and 24?
12
Suppose -24 = -5*w - 4. Calculate the greatest common divisor of w and 32.
4
Let n(a) = a**2 - a. Let c be ((-4)/6)/(6/(-9)). Let d be n(c). Suppose d = p - 3. What is the highest common factor of 24 and p?
3
Let a = 8 - 12. Let m be a/(-2) - (-10)/5. Let r = -7 + 13. Calculate the highest common factor of m and r.
2
Suppose -12 = -5*w + 2*w. Suppose -48 = s - w*s. Calculate the highest common divisor of 4 and s.
4
Let i(t) = -t**3 + 8*t**2 + t - 6. Let h be i(8). Suppose h*r = -0*r + 60. Calculate the highest common divisor of 12 and r.
6
Let i be (-11)/(-1 - (-24)/28). Suppose -3*x + 4*w = -x - 22, 5*w = 4*x - 44. What is the highest common divisor of i and x?
11
Suppose -2*r - 3*r = -2*t + 35, -4*t + 25 = -r. Let w = 27 - 17. What is the highest common factor of t and w?
5
Let d(f) = f**2 + 5*f - 6. Let g be d(-6). Suppose -q = -3*q - n + 2, g = -4*q + n + 16. What is the highest common factor of q and 15?
3
Let y(d) = -d**2 + 14*d + 5. Let o be y(7). Calculate the greatest common divisor of 36 and o.
18
Let q = -2 - -6. Suppose -5*m = 5*w - 575, q*m + 2*w - 213 = 237. Let n(r) = 5*r. Let g be n(2). Calculate the highest common factor of m and g.
10
Let l(b) = -38*b**2 - 2*b + 2. Let h be l(-2). Let c = h - -234. Let u = -16 - -24. What is the highest common divisor of c and u?
8
Let o be 6 - (1 - 2)*3. Calculate the greatest common factor of o and 9.
9
Let u = -12 + 21. Let z(r) = r**3 - 9*r**2 - 16*r - 3. Let x be z(11). Calculate the highest common divisor of x and u.
9
Let n(u) = 4*u + 6. Let q be n(-7). Let z = 23 + q. Calculate the highest common factor of z and 1.
1
Let n = -7 + 12. Let g(v) = -v**2 + 7*v - 4. Let s be g(n). Calculate the highest common divisor of 18 and s.
6
Let r(t) = -t**2 - t - 2. Let z be r(-3). Let q = z + 11. Calculate the highest common divisor of q and 3.
3
Let v be 41/4 - (-4)/(-16). Suppose 6 = -0*p + 2*p. Let r be 26 - (2 - 3/p). Calculate the greatest common factor of v and r.
5
Suppose 4 = 4*x - 12. Let l be 43 + (0 + -1)*-1. Calculate the greatest common divisor of x and l.
4
Let d(t) = 68*t + 9. Let g be d(2). What is the greatest common factor of g and 58?
29
Suppose 2*s = f - 3, -5*s + 48 + 5 = 3*f. Suppose 0 = 4*x + 13 - 5. Let p be 1 - (x - 0)*5. What is the greatest common divisor of f and p?
11
Suppose 269 = 4*u + 29. What is the highest common divisor of 36 and u?
12
Suppose -5*y = -2*s + 165, -2*s - 5*y = -128 + 13. Calculate the highest common factor of 28 and s.
14
Let h be (240/(-25))/((-2)/10). Calculate the highest common divisor of 12 and h.
12
Suppose 30 = -0*h + 10*h. Calculate the highest common factor of h and 27.
3
Suppose 0 = -3*q + 6*q - 48. What is the greatest common divisor of 8 and q?
8
Suppose -252 = -6*x + 264. Calculate the greatest common divisor of x and 43.
43
Let u = 29 + -9. Calculate the highest common factor of 40 and u.
20
Let h = 8 - -3. Suppose h + 9 = 5*m. Suppose 0 = -5*v - 3*n + 13, -v - 3*n = 3 + m. What is the greatest common divisor of v and 10?
5
Let i = 732 - 452. Let p = 433 - i. Calculate the highest common factor of p and 17.
17
Suppose -c + 8 - 2 = 0. Let w = c + 7. Calculate the highest common factor of w and 104.
13
Suppose -253 + 55 = -3*o. Let n = -131 + 137. Calculate the greatest common divisor of n and o.
6
Let m = 39 - 24. Let k be (0 - 1)/(5/(-675)). What is the greatest common divisor of k and m?
15
Let j(o) = -12*o**2 - 6*o + 1. Let y(g) = -8*g**2 - 4*g + 1. Let d(i) = 5*j(i) - 8*y(i). Let v be d(-5). What is the highest common factor of v and 29?
29
Let n = 0 - -7. Calculate the highest common divisor of 7 and n.
7
Suppose -26 = 4*u - 82. What is the highest common divisor of u and 112?
14
Let w(x) be the first derivative of -x**4/4 - 3*x**3 - 6*x**2 - x - 4. Let p be w(-8). Calculate the highest common factor of p and 248.
31
Suppose -2*b = -c - b + 46, -3*c - b + 138 = 0. Suppose c - 6 = 4*v. Calculate the greatest common factor of v and 20.
10
Suppose 20 = 3*a + a. Let c(u) = -2*u - 5. Let s be 1/(-2 - (-9)/5). Let w be c(s). Calculate the greatest common divisor of w and a.
5
Let u(l) = l**3 + 16*l**2 + 18*l + 22. Let z be u(-15). Let c = -12 - z. What is the greatest common divisor of c and 22?
11
Let s(t) = 11*t**3 - 2*t + 1. Let c be s(1). Let n(d) = 3*d**2 - 2*d + 4. Let m be n(3). What is the greatest common factor of c and m?
5
Suppose -v + 2*q + 28 = 4*v, -8 = 2*q. Suppose w + 78 = 5*p + 5*w, v*p = -w + 58. What is the greatest common divisor of 70 and p?
14
Suppose 12*q - 10*q = 36. Calculate the greatest common divisor of 2 and q.
2
Let l = -161 - -241. What is the greatest common factor of 10 and l?
10
Let d(f) = f + 1. Let u be d(2). Suppose -u*q - 2 = 7. Let w be 0 - q - -1*16. What is the highest common divisor of 76 and w?
19
Let m be (1/1)/(5/(-10)). Let o be (m + (-5)/(-2))*12. Let r(x) = x**3 + 5*x**2 - 3*x + 2. Let c be r(-4). What is the highest common factor of c and o?
6
Let h(z) = 2*z**2 + 6*z + 1. Let d be h(-5). Calculate the greatest common factor of 168 and d.
21
Let q be (-8)/(-3)*6/(-4). Let k be (1/2)/(q/(-56)). Suppose -2*j + j = -k. Calculate the greatest common factor of j and 21.
7
Let r be (-204)/(3/(-2) - (1 + -1)). Suppose 0 = -4*z - 0 + 68. What is the greatest common divisor of z and r?
17
Let g(o) = o**2 - 6*o - 2. Let v be g(4). Let u = 12 + v. What is the greatest common factor of u and 14?
2
Let s = 35 + -24. Calculate the greatest common factor of 121 and s.
11
Let p be ((-36)/(-9))/(2/8). What is the greatest common factor of 2 and p?
2
Let r = -33 + 52. Let l(f) = -11*f + 10. Let a be l(-6). Calculate the greatest common factor of r and a.
19
Suppose -6 = u - 2*u. Suppose -4 - u = -p. What is the greatest common divisor of p and 20?
10
Let i = 19 + -5. Let j be (2 - (2 + -3))/(25/350). Calculate the greatest common divisor of j and i.
14
Suppose 3*j = -3*a + 285, 3*j - 100 = -2*a + 180. Let k = 25 + -15. Calculate the greatest common divisor of j and k.
10
Suppose -3*x + 29 = -5*r, 3*x - 9 = -0*x. Let p(t) = 2*t**2 - 4. Let m be p(r). Calculate the highest common divisor of m and 14.
14
Suppose 2*o - 3*o + 42 = 0. Let h be 1/(-2)*-1*0. Let k = o - h. What is the highest common factor of k and 21?
21
Suppose -w + 94 = o + 18, 0 = 2*o + w - 151. Suppose 7*x - 253 = 97. Calculate the highest common divisor of x and o.
25
Let k(l) = -l**3 - 5*l**2 + 2*l + 6. Let r be k(-5). Le